{"id":77,"date":"2013-10-12T19:48:52","date_gmt":"2013-10-12T19:48:52","guid":{"rendered":"http:\/\/www.stephanequerbes.com\/fourmis\/?page_id=77"},"modified":"2014-02-14T11:03:35","modified_gmt":"2014-02-14T10:03:35","slug":"myrmecia","status":"publish","type":"page","link":"http:\/\/www.stephanequerbes.com\/fourmis\/focus\/myrmecia\/","title":{"rendered":"Myrmecia"},"content":{"rendered":"<figure id=\"attachment_34\" aria-describedby=\"caption-attachment-34\" style=\"width: 199px\" class=\"wp-caption alignnone\"><a title=\"D\u00e9tails Myrmecia\" href=\"http:\/\/www.stephanequerbes.com\/fourmis\/lens_galleries\/details-myrmecia\/\"><img loading=\"lazy\" class=\"size-medium wp-image-34\" alt=\"Myrmecia\" src=\"http:\/\/www.stephanequerbes.com\/fourmis\/wp-content\/uploads\/2013\/10\/Myrmecia2-199x300.jpg\" width=\"199\" height=\"300\" srcset=\"http:\/\/www.stephanequerbes.com\/fourmis\/wp-content\/uploads\/2013\/10\/Myrmecia2-199x300.jpg 199w, http:\/\/www.stephanequerbes.com\/fourmis\/wp-content\/uploads\/2013\/10\/Myrmecia2-679x1024.jpg 679w, http:\/\/www.stephanequerbes.com\/fourmis\/wp-content\/uploads\/2013\/10\/Myrmecia2.jpg 1062w\" sizes=\"(max-width: 199px) 100vw, 199px\" \/><\/a><figcaption id=\"caption-attachment-34\" class=\"wp-caption-text\"><em>Myrmecia<\/em><\/figcaption><\/figure>\n<p>Cliquez sur l&#8217;image pour regarder la galerie des d\u00e9tails de cette fourmi.<\/p>\n<p>Ces fourmis sont bien connues en Australie pour leur comportement agressif et leur piqure puissante. Grandes et alertes, elles ont des yeux \u00e9normes et de longues mandibules gr\u00eal\u00e9es. Leur vision est excellente, capable de rep\u00e9rer et m\u00eame suivre des intrus \u00e0 une distance de 1 m\u00e8tre. Les ouvri\u00e8res Myrmecia r\u00e9coltent du nectar et du miellat, mais aussi des petits insectes qui sont ramen\u00e9s au nid pour nourrir les larves carnivores. Les ouvri\u00e8res peuvent \u00e9galement r\u00e9gurgiter de la nourriture au retour dans le nid pour nourrir d\u2019autres fourmis. Les colonies consistent de quelques centaines d\u2019ouvri\u00e8res avec une seule reine.<\/p>\n<p>R\u00e9dacteur : Christian PEETERS.<\/p>\n","protected":false},"excerpt":{"rendered":"<p>Cliquez sur l&#8217;image pour regarder la galerie des d\u00e9tails de cette fourmi. Ces fourmis sont bien connues en Australie pour leur comportement agressif et leur piqure puissante. Grandes et alertes, elles ont des yeux \u00e9normes et de longues mandibules gr\u00eal\u00e9es. Leur vision est excellente, capable de rep\u00e9rer et m\u00eame suivre des intrus \u00e0 une distance de 1 m\u00e8tre. Les ouvri\u00e8res Myrmecia r\u00e9coltent du nectar et du miellat, mais aussi des petits insectes qui sont ramen\u00e9s au nid pour nourrir les larves carnivores. Les ouvri\u00e8res peuvent \u00e9galement r\u00e9gurgiter de la nourriture au retour dans le nid pour nourrir d\u2019autres fourmis. Les [&hellip;]<\/p>\n","protected":false},"author":1,"featured_media":0,"parent":73,"menu_order":0,"comment_status":"closed","ping_status":"closed","template":"","meta":[],"_links":{"self":[{"href":"http:\/\/www.stephanequerbes.com\/fourmis\/wp-json\/wp\/v2\/pages\/77"}],"collection":[{"href":"http:\/\/www.stephanequerbes.com\/fourmis\/wp-json\/wp\/v2\/pages"}],"about":[{"href":"http:\/\/www.stephanequerbes.com\/fourmis\/wp-json\/wp\/v2\/types\/page"}],"author":[{"embeddable":true,"href":"http:\/\/www.stephanequerbes.com\/fourmis\/wp-json\/wp\/v2\/users\/1"}],"replies":[{"embeddable":true,"href":"http:\/\/www.stephanequerbes.com\/fourmis\/wp-json\/wp\/v2\/comments?post=77"}],"version-history":[{"count":15,"href":"http:\/\/www.stephanequerbes.com\/fourmis\/wp-json\/wp\/v2\/pages\/77\/revisions"}],"predecessor-version":[{"id":241,"href":"http:\/\/www.stephanequerbes.com\/fourmis\/wp-json\/wp\/v2\/pages\/77\/revisions\/241"}],"up":[{"embeddable":true,"href":"http:\/\/www.stephanequerbes.com\/fourmis\/wp-json\/wp\/v2\/pages\/73"}],"wp:attachment":[{"href":"http:\/\/www.stephanequerbes.com\/fourmis\/wp-json\/wp\/v2\/media?parent=77"}],"curies":[{"name":"wp","href":"https:\/\/api.w.org\/{rel}","templated":true}]}}